{"id":1016,"date":"2019-04-16T19:13:02","date_gmt":"2019-04-16T17:13:02","guid":{"rendered":"http:\/\/brauchtumsverein-ndh.de\/?page_id=1016"},"modified":"2023-10-07T10:39:14","modified_gmt":"2023-10-07T08:39:14","slug":"huehner-im-kindergarten","status":"publish","type":"page","link":"https:\/\/brauchtumsverein-ndh.de\/?page_id=1016","title":{"rendered":"H\u00fchnermobil &#8211; Rent a Huhn"},"content":{"rendered":"\n<p><strong>\u201eVom Huhn zum Ei\u201c<\/strong><\/p>\n\n\n\n<p class=\"has-text-align-left\">Der Brauchtumsverein bietet im Rahmen der vorschulischen Bildung Kindern an, zu lernen wo das Ei herkommt, wie ein Huhn lebt, was es frisst und wieviel Aufwand es braucht bis das Ei genutzt werden kann.<\/p>\n\n\n\n<p><strong>Das Leben der H\u00fchner erfahren<\/strong><\/p>\n\n\n\n<p>Gestellt wird: <\/p>\n\n\n\n<p><br>\u2022 Mobiler Stall<br>\u2022 Zaun<br>\u2022 Netzschutz gegen Greifv\u00f6gel<br>\u2022 H\u00fchner<br>\u2022 Stroh<br>\u2022 Futterautomat<br>\u2022 Futter f\u00fcr den ersten Tag<br>\u2022 Wassertr\u00e4nke<br>\u2022 2 Stellw\u00e4nde, ggf. zum Bemalen<\/p>\n\n\n\n<figure class=\"wp-block-image size-full\"><img loading=\"lazy\" decoding=\"async\" width=\"769\" height=\"1024\" src=\"https:\/\/brauchtumsverein-ndh.de\/wp-content\/uploads\/2023\/04\/Leihhuehner.jpg\" alt=\"\" class=\"wp-image-38750\" srcset=\"https:\/\/brauchtumsverein-ndh.de\/wp-content\/uploads\/2023\/04\/Leihhuehner.jpg 769w, https:\/\/brauchtumsverein-ndh.de\/wp-content\/uploads\/2023\/04\/Leihhuehner-225x300.jpg 225w\" sizes=\"auto, (max-width: 769px) 100vw, 769px\" \/><\/figure>\n\n\n\n<p><br>Die Kinder \u00fcbernehmen die Pflege, das F\u00fcttern und Tr\u00e4nken, das Stroh auslegen und die Stalls\u00e4uberung. Nach dem Eier ausheben, d\u00fcrfen die Eier nat\u00fcrlich gegessen werden.<\/p>\n\n\n\n<p>Erzieher*innen und Kinder lernen, etwas \u00fcber:<br><\/p>\n\n\n\n<p>\u2022 Art und Menge des Futters<\/p>\n\n\n\n<p>\u2022 Den Ortwechsel f\u00fcr frisches Gras<br>\u2022 Die richtige Wasserversorgung<br>\u2022 Welche Menge an Streu n\u00f6tig ist<br>\u2022 Den Turnus der Stallreinigung<\/p>\n\n\n\n<p><br>N\u00f6tig ist:<br>\u2022 gen\u00fcgend Platz<br>\u2022 ausreichend Grasfl\u00e4che<br>\u2022 die Versorgung der H\u00fchner auch am Wochenende.<\/p>\n\n\n\n<p><br>Pro Monat und Huhn ist eine Geb\u00fchr von 30 \u20ac f\u00e4llig. Es sind mindestens 4 H\u00fchner zu mieten.<\/p>\n\n\n\n<p class=\"has-text-align-center\"><br><strong>Verantwortlich:<\/strong><br>Thomas Henrich<br>brauchtumsverein<br>ndh@gmx.de<br>0176 50878208<br>Brauchtumsverein ndh@gmx.de<\/p>\n\n\n\n<figure class=\"wp-block-image size-full\"><img loading=\"lazy\" decoding=\"async\" width=\"1024\" height=\"769\" src=\"https:\/\/brauchtumsverein-ndh.de\/wp-content\/uploads\/2023\/04\/Kinder-Kalbach.jpg\" alt=\"\" class=\"wp-image-38754\" srcset=\"https:\/\/brauchtumsverein-ndh.de\/wp-content\/uploads\/2023\/04\/Kinder-Kalbach.jpg 1024w, https:\/\/brauchtumsverein-ndh.de\/wp-content\/uploads\/2023\/04\/Kinder-Kalbach-300x225.jpg 300w, https:\/\/brauchtumsverein-ndh.de\/wp-content\/uploads\/2023\/04\/Kinder-Kalbach-768x577.jpg 768w\" sizes=\"auto, (max-width: 1024px) 100vw, 1024px\" \/><\/figure>\n\n\n<h2 class=\"display-posts-title\">Hier findest du die aktuellen Artikel zum Thema:<\/h2>\n<div class=\"display-posts-listing image-left\"><div class=\"listing-item\"><a class=\"image\" href=\"https:\/\/brauchtumsverein-ndh.de\/?p=38845\"><img loading=\"lazy\" decoding=\"async\" width=\"150\" height=\"150\" src=\"https:\/\/brauchtumsverein-ndh.de\/wp-content\/uploads\/2023\/04\/Huehnermobil0-150x150.jpg\" class=\"attachment-thumbnail size-thumbnail wp-post-image\" alt=\"\" \/><\/a> <a class=\"title\" href=\"https:\/\/brauchtumsverein-ndh.de\/?p=38845\">H\u00fchnermobil mietbar<\/a> <span class=\"excerpt-dash\">-<\/span> <span class=\"excerpt\">Weiterhin k\u00f6nnen beim Brauchtumsverein H\u00fchner gemietet werden. Das Angebot richtet sich haupts\u00e4chlich an Kindereinrichtungen. Aber auch Privatpersonen k\u00f6nnen das H\u00fchnermobil ausleihen. Derzeit steht es zu Werbezwecken am Rande des D\u00f6rnwegs auf unserer Bl\u00fchwiese. Darin liegt ein Flyer mit den Konditionen. <a class=\"more-link\" href=\"https:\/\/brauchtumsverein-ndh.de\/?p=38845\">weiterlesen...<\/a><\/span><\/div><div class=\"listing-item\"><a class=\"image\" href=\"https:\/\/brauchtumsverein-ndh.de\/?p=38749\"><img loading=\"lazy\" decoding=\"async\" width=\"150\" height=\"150\" src=\"https:\/\/brauchtumsverein-ndh.de\/wp-content\/uploads\/2023\/04\/Kinder-Kalbach-150x150.jpg\" class=\"attachment-thumbnail size-thumbnail wp-post-image\" alt=\"\" \/><\/a> <a class=\"title\" href=\"https:\/\/brauchtumsverein-ndh.de\/?p=38749\">Ohne Eier &#8211; kein Ostern<\/a> <span class=\"excerpt-dash\">-<\/span> <span class=\"excerpt\">F\u00fcr Eier braucht es aber erst mal H\u00fchner, die sie legen. Auch hierf\u00fcr hat der Brauchtumsverein seit l\u00e4ngerem ein lehrreiches Projekt f\u00fcr Kinder parat. \u201eRent a Huhn\u201c, hei\u00dft es und vermietet dabei H\u00fchner auf Zeit. Die Woche vor Ostern kam <a class=\"more-link\" href=\"https:\/\/brauchtumsverein-ndh.de\/?p=38749\">weiterlesen...<\/a><\/span><\/div><div class=\"listing-item\"><a class=\"image\" href=\"https:\/\/brauchtumsverein-ndh.de\/?p=37985\"><img loading=\"lazy\" decoding=\"async\" width=\"150\" height=\"150\" src=\"https:\/\/brauchtumsverein-ndh.de\/wp-content\/uploads\/2021\/04\/A598F205-45BF-4727-9262-F58B76F555C6-150x150.jpeg\" class=\"attachment-thumbnail size-thumbnail wp-post-image\" alt=\"\" \/><\/a> <a class=\"title\" href=\"https:\/\/brauchtumsverein-ndh.de\/?p=37985\">Projekt \u201eRent a Huhn\u201c geht weiter<\/a> <span class=\"excerpt-dash\">-<\/span> <span class=\"excerpt\">Landleben in der OPS oder woher kommt das Ei, au\u00dfer vom Osterhasen? Der&nbsp;Brauchtumsverein&nbsp;Niederh\u00f6chstadt&nbsp;konnte&nbsp;sein&nbsp;p\u00e4dagogisches H\u00fchnerprojekt \u201eRent a Huhn\u201c fortsetzten. Diesmal&nbsp;gelang dies&nbsp;in der Ottfried-Preu\u00dfler-Schule in Bad Soden, die&nbsp;den Verein&nbsp;im Rahmen der Ferienbetreuung&nbsp;zum&nbsp;Thema Tiere &amp; Umwelt angefragt hat. Die Kinder sollen lernen wo <a class=\"more-link\" href=\"https:\/\/brauchtumsverein-ndh.de\/?p=37985\">weiterlesen...<\/a><\/span><\/div><div class=\"listing-item\"><a class=\"image\" href=\"https:\/\/brauchtumsverein-ndh.de\/?p=1560\"><img loading=\"lazy\" decoding=\"async\" width=\"150\" height=\"150\" src=\"https:\/\/brauchtumsverein-ndh.de\/wp-content\/uploads\/2019\/10\/5C175C3E-ADEE-4CA9-82DC-72F4741DE652-150x150.jpeg\" class=\"attachment-thumbnail size-thumbnail wp-post-image\" alt=\"\" \/><\/a> <a class=\"title\" href=\"https:\/\/brauchtumsverein-ndh.de\/?p=1560\">H\u00fchner werden f\u00fcr die Wintersaison eingepackt<\/a> <span class=\"excerpt-dash\">-<\/span> <span class=\"excerpt\">Der Brauchtumsverein Niederh\u00f6chstadt hat die von der KiTa Schwalbennest betreuten H\u00fchner wieder abgeholt. Sie werden nun Winterfest untergebracht. Die H\u00fchner wurden bestens versorgt und so k\u00f6nnen wir n\u00e4chstes Jahr wieder H\u00fchner den verschiedenen Kindereinrichtungen zur Verf\u00fcgung stellen. Auf einem der <a class=\"more-link\" href=\"https:\/\/brauchtumsverein-ndh.de\/?p=1560\">weiterlesen...<\/a><\/span><\/div><\/div>\n","protected":false},"excerpt":{"rendered":"<p>\u201eVom Huhn zum Ei\u201c Der Brauchtumsverein bietet im Rahmen der vorschulischen Bildung Kindern an, zu lernen wo das Ei herkommt, wie ein Huhn lebt, was es frisst und wieviel Aufwand es braucht bis das Ei genutzt werden kann. Das Leben <a class=\"more-link\" href=\"https:\/\/brauchtumsverein-ndh.de\/?p=1560\">weiterlesen&#8230;<\/a><\/p>\n","protected":false},"author":1,"featured_media":38853,"parent":48,"menu_order":0,"comment_status":"closed","ping_status":"closed","template":"","meta":{"footnotes":""},"class_list":["post-1016","page","type-page","status-publish","has-post-thumbnail","hentry"],"_links":{"self":[{"href":"https:\/\/brauchtumsverein-ndh.de\/index.php?rest_route=\/wp\/v2\/pages\/1016","targetHints":{"allow":["GET"]}}],"collection":[{"href":"https:\/\/brauchtumsverein-ndh.de\/index.php?rest_route=\/wp\/v2\/pages"}],"about":[{"href":"https:\/\/brauchtumsverein-ndh.de\/index.php?rest_route=\/wp\/v2\/types\/page"}],"author":[{"embeddable":true,"href":"https:\/\/brauchtumsverein-ndh.de\/index.php?rest_route=\/wp\/v2\/users\/1"}],"replies":[{"embeddable":true,"href":"https:\/\/brauchtumsverein-ndh.de\/index.php?rest_route=%2Fwp%2Fv2%2Fcomments&post=1016"}],"version-history":[{"count":11,"href":"https:\/\/brauchtumsverein-ndh.de\/index.php?rest_route=\/wp\/v2\/pages\/1016\/revisions"}],"predecessor-version":[{"id":38902,"href":"https:\/\/brauchtumsverein-ndh.de\/index.php?rest_route=\/wp\/v2\/pages\/1016\/revisions\/38902"}],"up":[{"embeddable":true,"href":"https:\/\/brauchtumsverein-ndh.de\/index.php?rest_route=\/wp\/v2\/pages\/48"}],"wp:featuredmedia":[{"embeddable":true,"href":"https:\/\/brauchtumsverein-ndh.de\/index.php?rest_route=\/wp\/v2\/media\/38853"}],"wp:attachment":[{"href":"https:\/\/brauchtumsverein-ndh.de\/index.php?rest_route=%2Fwp%2Fv2%2Fmedia&parent=1016"}],"curies":[{"name":"wp","href":"https:\/\/api.w.org\/{rel}","templated":true}]}}