{"id":1377,"date":"2019-08-13T21:56:36","date_gmt":"2019-08-13T19:56:36","guid":{"rendered":"http:\/\/brauchtumsverein-ndh.de\/?page_id=1377"},"modified":"2019-08-23T16:27:55","modified_gmt":"2019-08-23T14:27:55","slug":"frischkaesezubereitung","status":"publish","type":"page","link":"https:\/\/brauchtumsverein-ndh.de\/?page_id=1377","title":{"rendered":"Frischk\u00e4sezubereitung"},"content":{"rendered":"\n<p>Bei der Sonderaktion Frischk\u00e4se trifft selbstgebackenes Brot erkl\u00e4rt und zeigt Gerhard Wachinger die Geheimnisse der Frischk\u00e4sezubereitung. Man braucht dazu neben eininger Utensilien, Rohmilch in unserem Fall aus Sulzbach, Kalbslab zur Impfung (Bakterien), Wasser und je nach Geschmacksrichtungswunsch  Gew\u00fcrze oder Kr\u00e4uter. In unserem Fall B\u00e4rlauch oder Chili.  Einfach lecker<\/p>\n\n\n\n<ul class=\"wp-block-gallery columns-3 is-cropped wp-block-gallery-1 is-layout-flex wp-block-gallery-is-layout-flex\"><li class=\"blocks-gallery-item\"><figure><img loading=\"lazy\" decoding=\"async\" width=\"992\" height=\"1024\" src=\"http:\/\/brauchtumsverein-ndh.de\/wp-content\/uploads\/2019\/05\/67946463-0F80-467A-AEE0-2347FFF6AFD5-992x1024.jpeg\" alt=\"\" data-id=\"1171\" data-link=\"http:\/\/brauchtumsverein-ndh.de\/?attachment_id=1171#main\" class=\"wp-image-1171\" srcset=\"https:\/\/brauchtumsverein-ndh.de\/wp-content\/uploads\/2019\/05\/67946463-0F80-467A-AEE0-2347FFF6AFD5-992x1024.jpeg 992w, https:\/\/brauchtumsverein-ndh.de\/wp-content\/uploads\/2019\/05\/67946463-0F80-467A-AEE0-2347FFF6AFD5-291x300.jpeg 291w, https:\/\/brauchtumsverein-ndh.de\/wp-content\/uploads\/2019\/05\/67946463-0F80-467A-AEE0-2347FFF6AFD5-768x793.jpeg 768w\" sizes=\"auto, (max-width: 992px) 100vw, 992px\" \/><figcaption>Milch<\/figcaption><\/figure><\/li><li class=\"blocks-gallery-item\"><figure><img loading=\"lazy\" decoding=\"async\" width=\"768\" height=\"1024\" src=\"http:\/\/brauchtumsverein-ndh.de\/wp-content\/uploads\/2019\/05\/IMG_1363-e1556976394530-768x1024.jpg\" alt=\"\" data-id=\"1154\" data-link=\"http:\/\/brauchtumsverein-ndh.de\/?attachment_id=1154\" class=\"wp-image-1154\" srcset=\"https:\/\/brauchtumsverein-ndh.de\/wp-content\/uploads\/2019\/05\/IMG_1363-e1556976394530-768x1024.jpg 768w, https:\/\/brauchtumsverein-ndh.de\/wp-content\/uploads\/2019\/05\/IMG_1363-e1556976394530-225x300.jpg 225w\" sizes=\"auto, (max-width: 768px) 100vw, 768px\" \/><figcaption>Utensilien<\/figcaption><\/figure><\/li><li class=\"blocks-gallery-item\"><figure><img loading=\"lazy\" decoding=\"async\" width=\"586\" height=\"1024\" src=\"http:\/\/brauchtumsverein-ndh.de\/wp-content\/uploads\/2019\/05\/IMG_1369-586x1024.jpg\" alt=\"\" data-id=\"1164\" data-link=\"http:\/\/brauchtumsverein-ndh.de\/?attachment_id=1164\" class=\"wp-image-1164\" srcset=\"https:\/\/brauchtumsverein-ndh.de\/wp-content\/uploads\/2019\/05\/IMG_1369-586x1024.jpg 586w, https:\/\/brauchtumsverein-ndh.de\/wp-content\/uploads\/2019\/05\/IMG_1369-172x300.jpg 172w, https:\/\/brauchtumsverein-ndh.de\/wp-content\/uploads\/2019\/05\/IMG_1369-768x1342.jpg 768w\" sizes=\"auto, (max-width: 586px) 100vw, 586px\" \/><figcaption>Gerhard Wachinger erkl\u00e4rt<\/figcaption><\/figure><\/li><li class=\"blocks-gallery-item\"><figure><img loading=\"lazy\" decoding=\"async\" width=\"432\" height=\"1024\" src=\"http:\/\/brauchtumsverein-ndh.de\/wp-content\/uploads\/2019\/05\/IMG_1377-432x1024.jpg\" alt=\"\" data-id=\"1158\" data-link=\"http:\/\/brauchtumsverein-ndh.de\/?attachment_id=1158\" class=\"wp-image-1158\" srcset=\"https:\/\/brauchtumsverein-ndh.de\/wp-content\/uploads\/2019\/05\/IMG_1377-432x1024.jpg 432w, https:\/\/brauchtumsverein-ndh.de\/wp-content\/uploads\/2019\/05\/IMG_1377-127x300.jpg 127w, https:\/\/brauchtumsverein-ndh.de\/wp-content\/uploads\/2019\/05\/IMG_1377-768x1820.jpg 768w, https:\/\/brauchtumsverein-ndh.de\/wp-content\/uploads\/2019\/05\/IMG_1377.jpg 1538w\" sizes=\"auto, (max-width: 432px) 100vw, 432px\" \/><figcaption>Spritze <\/figcaption><\/figure><\/li><li class=\"blocks-gallery-item\"><figure><img loading=\"lazy\" decoding=\"async\" width=\"974\" height=\"1024\" src=\"http:\/\/brauchtumsverein-ndh.de\/wp-content\/uploads\/2019\/05\/IMG_1381-974x1024.jpg\" alt=\"\" data-id=\"1159\" data-link=\"http:\/\/brauchtumsverein-ndh.de\/?attachment_id=1159\" class=\"wp-image-1159\" srcset=\"https:\/\/brauchtumsverein-ndh.de\/wp-content\/uploads\/2019\/05\/IMG_1381-974x1024.jpg 974w, https:\/\/brauchtumsverein-ndh.de\/wp-content\/uploads\/2019\/05\/IMG_1381-285x300.jpg 285w, https:\/\/brauchtumsverein-ndh.de\/wp-content\/uploads\/2019\/05\/IMG_1381-768x808.jpg 768w\" sizes=\"auto, (max-width: 974px) 100vw, 974px\" \/><figcaption>Impfung mit Lab<\/figcaption><\/figure><\/li><li class=\"blocks-gallery-item\"><figure><img loading=\"lazy\" decoding=\"async\" width=\"768\" height=\"1024\" src=\"http:\/\/brauchtumsverein-ndh.de\/wp-content\/uploads\/2019\/05\/IMG_1356-e1556976372159-768x1024.jpg\" alt=\"\" data-id=\"1152\" data-link=\"http:\/\/brauchtumsverein-ndh.de\/?attachment_id=1152\" class=\"wp-image-1152\" srcset=\"https:\/\/brauchtumsverein-ndh.de\/wp-content\/uploads\/2019\/05\/IMG_1356-e1556976372159-768x1024.jpg 768w, https:\/\/brauchtumsverein-ndh.de\/wp-content\/uploads\/2019\/05\/IMG_1356-e1556976372159-225x300.jpg 225w\" sizes=\"auto, (max-width: 768px) 100vw, 768px\" \/><figcaption>Geruchstest<\/figcaption><\/figure><\/li><li class=\"blocks-gallery-item\"><figure><img loading=\"lazy\" decoding=\"async\" width=\"1024\" height=\"546\" src=\"http:\/\/brauchtumsverein-ndh.de\/wp-content\/uploads\/2019\/05\/IMG_1375-1024x546.jpg\" alt=\"\" data-id=\"1157\" data-link=\"http:\/\/brauchtumsverein-ndh.de\/?attachment_id=1157\" class=\"wp-image-1157\" srcset=\"https:\/\/brauchtumsverein-ndh.de\/wp-content\/uploads\/2019\/05\/IMG_1375-1024x546.jpg 1024w, https:\/\/brauchtumsverein-ndh.de\/wp-content\/uploads\/2019\/05\/IMG_1375-300x160.jpg 300w, https:\/\/brauchtumsverein-ndh.de\/wp-content\/uploads\/2019\/05\/IMG_1375-768x409.jpg 768w\" sizes=\"auto, (max-width: 1024px) 100vw, 1024px\" \/><figcaption>Becher<\/figcaption><\/figure><\/li><li class=\"blocks-gallery-item\"><figure><img loading=\"lazy\" decoding=\"async\" width=\"768\" height=\"1024\" src=\"http:\/\/brauchtumsverein-ndh.de\/wp-content\/uploads\/2019\/05\/IMG_1397-e1556976597104-768x1024.jpg\" alt=\"\" data-id=\"1162\" data-link=\"http:\/\/brauchtumsverein-ndh.de\/?attachment_id=1162\" class=\"wp-image-1162\" srcset=\"https:\/\/brauchtumsverein-ndh.de\/wp-content\/uploads\/2019\/05\/IMG_1397-e1556976597104-768x1024.jpg 768w, https:\/\/brauchtumsverein-ndh.de\/wp-content\/uploads\/2019\/05\/IMG_1397-e1556976597104-225x300.jpg 225w\" sizes=\"auto, (max-width: 768px) 100vw, 768px\" \/><figcaption>Frischk\u00e4se<\/figcaption><\/figure><\/li><li class=\"blocks-gallery-item\"><figure><img loading=\"lazy\" decoding=\"async\" width=\"768\" height=\"1024\" src=\"http:\/\/brauchtumsverein-ndh.de\/wp-content\/uploads\/2019\/05\/IMG_1389-e1556976580369-768x1024.jpg\" alt=\"\" data-id=\"1161\" data-link=\"http:\/\/brauchtumsverein-ndh.de\/?attachment_id=1161\" class=\"wp-image-1161\" srcset=\"https:\/\/brauchtumsverein-ndh.de\/wp-content\/uploads\/2019\/05\/IMG_1389-e1556976580369-768x1024.jpg 768w, https:\/\/brauchtumsverein-ndh.de\/wp-content\/uploads\/2019\/05\/IMG_1389-e1556976580369-225x300.jpg 225w\" sizes=\"auto, (max-width: 768px) 100vw, 768px\" \/><figcaption>Gew\u00fcrzter Frischk\u00e4se mit Chili und B\u00e4rlauch<\/figcaption><\/figure><\/li><\/ul>\n","protected":false},"excerpt":{"rendered":"<p>Bei der Sonderaktion Frischk\u00e4se trifft selbstgebackenes Brot erkl\u00e4rt und zeigt Gerhard Wachinger die Geheimnisse der Frischk\u00e4sezubereitung. Man braucht dazu neben eininger Utensilien, Rohmilch in unserem Fall aus Sulzbach, Kalbslab zur Impfung (Bakterien), Wasser und je nach Geschmacksrichtungswunsch Gew\u00fcrze oder Kr\u00e4uter. <a class=\"more-link\" href=\"https:\/\/brauchtumsverein-ndh.de\/?page_id=1377\">weiterlesen&#8230;<\/a><\/p>\n","protected":false},"author":1,"featured_media":0,"parent":48,"menu_order":0,"comment_status":"closed","ping_status":"closed","template":"","meta":{"footnotes":""},"class_list":["post-1377","page","type-page","status-publish","hentry"],"_links":{"self":[{"href":"https:\/\/brauchtumsverein-ndh.de\/index.php?rest_route=\/wp\/v2\/pages\/1377","targetHints":{"allow":["GET"]}}],"collection":[{"href":"https:\/\/brauchtumsverein-ndh.de\/index.php?rest_route=\/wp\/v2\/pages"}],"about":[{"href":"https:\/\/brauchtumsverein-ndh.de\/index.php?rest_route=\/wp\/v2\/types\/page"}],"author":[{"embeddable":true,"href":"https:\/\/brauchtumsverein-ndh.de\/index.php?rest_route=\/wp\/v2\/users\/1"}],"replies":[{"embeddable":true,"href":"https:\/\/brauchtumsverein-ndh.de\/index.php?rest_route=%2Fwp%2Fv2%2Fcomments&post=1377"}],"version-history":[{"count":2,"href":"https:\/\/brauchtumsverein-ndh.de\/index.php?rest_route=\/wp\/v2\/pages\/1377\/revisions"}],"predecessor-version":[{"id":1407,"href":"https:\/\/brauchtumsverein-ndh.de\/index.php?rest_route=\/wp\/v2\/pages\/1377\/revisions\/1407"}],"up":[{"embeddable":true,"href":"https:\/\/brauchtumsverein-ndh.de\/index.php?rest_route=\/wp\/v2\/pages\/48"}],"wp:attachment":[{"href":"https:\/\/brauchtumsverein-ndh.de\/index.php?rest_route=%2Fwp%2Fv2%2Fmedia&parent=1377"}],"curies":[{"name":"wp","href":"https:\/\/api.w.org\/{rel}","templated":true}]}}