{"id":1381,"date":"2019-08-13T21:56:30","date_gmt":"2019-08-13T19:56:30","guid":{"rendered":"http:\/\/brauchtumsverein-ndh.de\/?page_id=1381"},"modified":"2021-11-22T18:16:45","modified_gmt":"2021-11-22T17:16:45","slug":"pflanzenkohle-herstellen","status":"publish","type":"page","link":"https:\/\/brauchtumsverein-ndh.de\/?page_id=1381","title":{"rendered":"Pflanzenkohle herstellen"},"content":{"rendered":"\n<p><strong>Wir stellen Pflanzenkohle her <\/strong><\/p>\n\n\n\n<figure class=\"wp-block-gallery columns-3 is-cropped wp-block-gallery-1 is-layout-flex wp-block-gallery-is-layout-flex\"><ul class=\"blocks-gallery-grid\"><li class=\"blocks-gallery-item\"><figure><img loading=\"lazy\" decoding=\"async\" width=\"366\" height=\"691\" src=\"http:\/\/brauchtumsverein-ndh.de\/wp-content\/uploads\/2019\/08\/Elisabeth-am-Kontiki.jpg\" alt=\"\" data-id=\"1366\" data-link=\"http:\/\/brauchtumsverein-ndh.de\/?attachment_id=1366#main\" class=\"wp-image-1366\" srcset=\"https:\/\/brauchtumsverein-ndh.de\/wp-content\/uploads\/2019\/08\/Elisabeth-am-Kontiki.jpg 366w, https:\/\/brauchtumsverein-ndh.de\/wp-content\/uploads\/2019\/08\/Elisabeth-am-Kontiki-159x300.jpg 159w\" sizes=\"auto, (max-width: 366px) 100vw, 366px\" \/><figcaption class=\"blocks-gallery-item__caption\">Kon Tiki<\/figcaption><\/figure><\/li><li class=\"blocks-gallery-item\"><figure><img loading=\"lazy\" decoding=\"async\" width=\"768\" height=\"1024\" src=\"http:\/\/brauchtumsverein-ndh.de\/wp-content\/uploads\/2019\/08\/Besucher2-1-768x1024.jpg\" alt=\"\" data-id=\"1365\" data-link=\"http:\/\/brauchtumsverein-ndh.de\/?attachment_id=1365#main\" class=\"wp-image-1365\" srcset=\"https:\/\/brauchtumsverein-ndh.de\/wp-content\/uploads\/2019\/08\/Besucher2-1-768x1024.jpg 768w, https:\/\/brauchtumsverein-ndh.de\/wp-content\/uploads\/2019\/08\/Besucher2-1-225x300.jpg 225w, https:\/\/brauchtumsverein-ndh.de\/wp-content\/uploads\/2019\/08\/Besucher2-1.jpg 960w\" sizes=\"auto, (max-width: 768px) 100vw, 768px\" \/><figcaption class=\"blocks-gallery-item__caption\">Besucher<\/figcaption><\/figure><\/li><li class=\"blocks-gallery-item\"><figure><img loading=\"lazy\" decoding=\"async\" width=\"768\" height=\"1024\" src=\"http:\/\/brauchtumsverein-ndh.de\/wp-content\/uploads\/2019\/08\/Kon-Tiki-768x1024.jpg\" alt=\"\" data-id=\"1367\" data-link=\"http:\/\/brauchtumsverein-ndh.de\/?attachment_id=1367#main\" class=\"wp-image-1367\" srcset=\"https:\/\/brauchtumsverein-ndh.de\/wp-content\/uploads\/2019\/08\/Kon-Tiki-768x1024.jpg 768w, https:\/\/brauchtumsverein-ndh.de\/wp-content\/uploads\/2019\/08\/Kon-Tiki-225x300.jpg 225w, https:\/\/brauchtumsverein-ndh.de\/wp-content\/uploads\/2019\/08\/Kon-Tiki.jpg 1200w\" sizes=\"auto, (max-width: 768px) 100vw, 768px\" \/><figcaption class=\"blocks-gallery-item__caption\">Jochen Wei\u00df am Kon Tiki<\/figcaption><\/figure><\/li><\/ul><\/figure>\n\n\n\n<p>Pflanzenkohle ist ein Hauptbestandteil der Terra Preta, welche die alten  Indios am Amzonas vor hunderten bis tausenden Jahren angelegt haben.  Sie wird haupts\u00e4chlich als Bodenverbesserer in privaten G\u00e4rten wie auch  landwirtschaftlich eingesetzt. Da der Einsatz eine hervorragende  M\u00f6glichkeit darstellt, seinem Boden einen au\u00dferordentlichen Nutzen zu  erbringen, wird die Pflanzenkohle immer beliebter. <\/p>\n\n\n\n<p>Dabei ist die  Pflanzenkohle kein N\u00e4hrstoff, den es gilt in den Boden einzubringen. Die  Pflanzenkohle ist lediglich der Tr\u00e4ger, ein \u201eSchwamm\u201c, der sich mit  N\u00e4hrstoffen und den ben\u00f6tigten Bodenlebewesen vollsaugen kann.  Aktivierte Pflanzenkohle ist voll gesaugt.  <\/p>\n\n\n\n<p>Der Brauchtumsverein hat zusammen mit dem LOGL erstmal Pfanzenkohle hergestellt und wird die Erfahrungen regelm\u00e4\u00dfig ausgetauschen.  <\/p>\n","protected":false},"excerpt":{"rendered":"<p>Wir stellen Pflanzenkohle her Pflanzenkohle ist ein Hauptbestandteil der Terra Preta, welche die alten Indios am Amzonas vor hunderten bis tausenden Jahren angelegt haben. Sie wird haupts\u00e4chlich als Bodenverbesserer in privaten G\u00e4rten wie auch landwirtschaftlich eingesetzt. Da der Einsatz eine <a class=\"more-link\" href=\"https:\/\/brauchtumsverein-ndh.de\/?page_id=1381\">weiterlesen&#8230;<\/a><\/p>\n","protected":false},"author":1,"featured_media":0,"parent":48,"menu_order":0,"comment_status":"closed","ping_status":"closed","template":"","meta":{"footnotes":""},"class_list":["post-1381","page","type-page","status-publish","hentry"],"_links":{"self":[{"href":"https:\/\/brauchtumsverein-ndh.de\/index.php?rest_route=\/wp\/v2\/pages\/1381","targetHints":{"allow":["GET"]}}],"collection":[{"href":"https:\/\/brauchtumsverein-ndh.de\/index.php?rest_route=\/wp\/v2\/pages"}],"about":[{"href":"https:\/\/brauchtumsverein-ndh.de\/index.php?rest_route=\/wp\/v2\/types\/page"}],"author":[{"embeddable":true,"href":"https:\/\/brauchtumsverein-ndh.de\/index.php?rest_route=\/wp\/v2\/users\/1"}],"replies":[{"embeddable":true,"href":"https:\/\/brauchtumsverein-ndh.de\/index.php?rest_route=%2Fwp%2Fv2%2Fcomments&post=1381"}],"version-history":[{"count":8,"href":"https:\/\/brauchtumsverein-ndh.de\/index.php?rest_route=\/wp\/v2\/pages\/1381\/revisions"}],"predecessor-version":[{"id":38255,"href":"https:\/\/brauchtumsverein-ndh.de\/index.php?rest_route=\/wp\/v2\/pages\/1381\/revisions\/38255"}],"up":[{"embeddable":true,"href":"https:\/\/brauchtumsverein-ndh.de\/index.php?rest_route=\/wp\/v2\/pages\/48"}],"wp:attachment":[{"href":"https:\/\/brauchtumsverein-ndh.de\/index.php?rest_route=%2Fwp%2Fv2%2Fmedia&parent=1381"}],"curies":[{"name":"wp","href":"https:\/\/api.w.org\/{rel}","templated":true}]}}