{"id":160,"date":"2017-04-25T13:26:06","date_gmt":"2017-04-25T11:26:06","guid":{"rendered":"http:\/\/brauchtumsverein-ndh.de\/?page_id=160"},"modified":"2025-01-03T11:25:47","modified_gmt":"2025-01-03T10:25:47","slug":"brot-backen","status":"publish","type":"page","link":"https:\/\/brauchtumsverein-ndh.de\/?page_id=160","title":{"rendered":"Brotteig Seminar"},"content":{"rendered":"<p>Wie Brotteig selber gemacht wird, kann man zwei Mal im Jahr, auf einem Brotseminar lernen. Das n\u00e4chste Mal am 25.01.2025<\/p>\n<p>Die selbst hergestellten Teige k\u00f6nnen dann jeden 1. Samstag im Monat in den vereinseigenen Back\u00f6fen, gebacken werden. Zeiten etc. unter Veranstsltungen.<\/p>\n\n\n<figure class=\"wp-block-gallery has-nested-images columns-default is-cropped wp-block-gallery-1 is-layout-flex wp-block-gallery-is-layout-flex\"><\/figure>\n\n\n\n<figure class=\"wp-block-gallery has-nested-images columns-default is-cropped wp-block-gallery-2 is-layout-flex wp-block-gallery-is-layout-flex\">\n<figure class=\"wp-block-image size-large\"><img loading=\"lazy\" decoding=\"async\" width=\"480\" height=\"640\" data-id=\"1648\" src=\"https:\/\/brauchtumsverein-ndh.de\/wp-content\/uploads\/2019\/11\/916D82BE-73CB-4701-A15D-3D0EEF7CC586.jpeg\" alt=\"\" class=\"wp-image-1648\" srcset=\"https:\/\/brauchtumsverein-ndh.de\/wp-content\/uploads\/2019\/11\/916D82BE-73CB-4701-A15D-3D0EEF7CC586.jpeg 480w, https:\/\/brauchtumsverein-ndh.de\/wp-content\/uploads\/2019\/11\/916D82BE-73CB-4701-A15D-3D0EEF7CC586-225x300.jpeg 225w\" sizes=\"auto, (max-width: 480px) 100vw, 480px\" \/><figcaption class=\"wp-element-caption\">Backofen<\/figcaption><\/figure>\n\n\n\n<figure class=\"wp-block-image size-large\"><img loading=\"lazy\" decoding=\"async\" width=\"777\" height=\"249\" data-id=\"1647\" src=\"https:\/\/brauchtumsverein-ndh.de\/wp-content\/uploads\/2019\/11\/AA7D3981-EF3C-4C0F-9EA2-FF0D1A28C418.jpeg\" alt=\"\" class=\"wp-image-1647\" srcset=\"https:\/\/brauchtumsverein-ndh.de\/wp-content\/uploads\/2019\/11\/AA7D3981-EF3C-4C0F-9EA2-FF0D1A28C418.jpeg 777w, https:\/\/brauchtumsverein-ndh.de\/wp-content\/uploads\/2019\/11\/AA7D3981-EF3C-4C0F-9EA2-FF0D1A28C418-300x96.jpeg 300w, https:\/\/brauchtumsverein-ndh.de\/wp-content\/uploads\/2019\/11\/AA7D3981-EF3C-4C0F-9EA2-FF0D1A28C418-768x246.jpeg 768w\" sizes=\"auto, (max-width: 777px) 100vw, 777px\" \/><figcaption class=\"wp-element-caption\">Teig<\/figcaption><\/figure>\n\n\n\n<figure class=\"wp-block-image size-large\"><img loading=\"lazy\" decoding=\"async\" width=\"768\" height=\"1024\" data-id=\"1644\" src=\"https:\/\/brauchtumsverein-ndh.de\/wp-content\/uploads\/2019\/11\/8A3E8CC1-57BF-49D3-9611-32BA0ECCCE2B-e1573054924816-768x1024.jpeg\" alt=\"\" class=\"wp-image-1644\" srcset=\"https:\/\/brauchtumsverein-ndh.de\/wp-content\/uploads\/2019\/11\/8A3E8CC1-57BF-49D3-9611-32BA0ECCCE2B-e1573054924816-768x1024.jpeg 768w, https:\/\/brauchtumsverein-ndh.de\/wp-content\/uploads\/2019\/11\/8A3E8CC1-57BF-49D3-9611-32BA0ECCCE2B-e1573054924816-225x300.jpeg 225w\" sizes=\"auto, (max-width: 768px) 100vw, 768px\" \/><figcaption class=\"wp-element-caption\">Markieren<\/figcaption><\/figure>\n\n\n\n<figure class=\"wp-block-image size-large\"><img loading=\"lazy\" decoding=\"async\" width=\"768\" height=\"1024\" data-id=\"1643\" src=\"https:\/\/brauchtumsverein-ndh.de\/wp-content\/uploads\/2019\/11\/24E900ED-BFA7-4F26-8692-E5B10D2AF7AE-e1573054938176-768x1024.jpeg\" alt=\"\" class=\"wp-image-1643\" srcset=\"https:\/\/brauchtumsverein-ndh.de\/wp-content\/uploads\/2019\/11\/24E900ED-BFA7-4F26-8692-E5B10D2AF7AE-e1573054938176-768x1024.jpeg 768w, https:\/\/brauchtumsverein-ndh.de\/wp-content\/uploads\/2019\/11\/24E900ED-BFA7-4F26-8692-E5B10D2AF7AE-e1573054938176-225x300.jpeg 225w\" sizes=\"auto, (max-width: 768px) 100vw, 768px\" \/><figcaption class=\"wp-element-caption\">Einschieben <\/figcaption><\/figure>\n\n\n\n<figure class=\"wp-block-image size-large\"><img loading=\"lazy\" decoding=\"async\" width=\"768\" height=\"1024\" data-id=\"1646\" src=\"https:\/\/brauchtumsverein-ndh.de\/wp-content\/uploads\/2019\/11\/3250F23D-76DA-4366-B543-31EFD5B1668D-e1573054884735-768x1024.jpeg\" alt=\"\" class=\"wp-image-1646\" srcset=\"https:\/\/brauchtumsverein-ndh.de\/wp-content\/uploads\/2019\/11\/3250F23D-76DA-4366-B543-31EFD5B1668D-e1573054884735-768x1024.jpeg 768w, https:\/\/brauchtumsverein-ndh.de\/wp-content\/uploads\/2019\/11\/3250F23D-76DA-4366-B543-31EFD5B1668D-e1573054884735-225x300.jpeg 225w\" sizes=\"auto, (max-width: 768px) 100vw, 768px\" \/><figcaption class=\"wp-element-caption\">Fertiges Brot<\/figcaption><\/figure>\n\n\n\n<figure class=\"wp-block-image size-large\"><img loading=\"lazy\" decoding=\"async\" width=\"768\" height=\"1024\" data-id=\"1645\" src=\"https:\/\/brauchtumsverein-ndh.de\/wp-content\/uploads\/2019\/11\/A0D47CDC-E969-4AD0-A143-62B9B18953C9-e1573054906752-768x1024.jpeg\" alt=\"\" class=\"wp-image-1645\" srcset=\"https:\/\/brauchtumsverein-ndh.de\/wp-content\/uploads\/2019\/11\/A0D47CDC-E969-4AD0-A143-62B9B18953C9-e1573054906752-768x1024.jpeg 768w, https:\/\/brauchtumsverein-ndh.de\/wp-content\/uploads\/2019\/11\/A0D47CDC-E969-4AD0-A143-62B9B18953C9-e1573054906752-225x300.jpeg 225w\" sizes=\"auto, (max-width: 768px) 100vw, 768px\" \/><figcaption class=\"wp-element-caption\">Brotvielfalt<\/figcaption><\/figure>\n<\/figure>\n\n\n<h2 class=\"display-posts-title\">Hier findest du die aktuellen Artikel zum Thema:<\/h2>\n<div class=\"display-posts-listing image-left\"><div class=\"listing-item\"><a class=\"image\" href=\"https:\/\/brauchtumsverein-ndh.de\/?p=39603\"><img loading=\"lazy\" decoding=\"async\" width=\"150\" height=\"150\" src=\"https:\/\/brauchtumsverein-ndh.de\/wp-content\/uploads\/2026\/03\/7d61e9e2-3873-4aa6-818d-9f7ee12616ae-150x150.jpeg\" class=\"attachment-thumbnail size-thumbnail wp-post-image\" alt=\"\" \/><\/a> <a class=\"title\" href=\"https:\/\/brauchtumsverein-ndh.de\/?p=39603\">Teigseminar<\/a> <span class=\"excerpt-dash\">-<\/span> <span class=\"excerpt\">Am\u00a007.03.2026 fand in der K\u00fcche des B\u00fcrgerzentrums erneut ein Teigseminar statt. Unter Leitung von\u00a0Elisabeth Averdam, unterst\u00fctzt\u00a0von\u00a0Sandra Reinhardt\u00a0und Gerhard Wachinger\u00a0hatten\u00a06\u00a0Frauen und\u00a02\u00a0M\u00e4nner Gelegenheit in die Geheimnisse des Sauerteig Fertigens zu erlernen.\u00a0 Nach dem Theorieteil wurde ein Sauerteigbrot&nbsp;mit&nbsp;einer vorbereiteten Backmischung bestehend aus Roggen\/Dinkelmehl&nbsp;aus <a class=\"more-link\" href=\"https:\/\/brauchtumsverein-ndh.de\/?p=39603\">weiterlesen...<\/a><\/span><\/div><div class=\"listing-item\"><a class=\"image\" href=\"https:\/\/brauchtumsverein-ndh.de\/?p=39404\"><img loading=\"lazy\" decoding=\"async\" width=\"150\" height=\"150\" src=\"https:\/\/brauchtumsverein-ndh.de\/wp-content\/uploads\/2025\/05\/25e46cff-2547-4cf2-bf9d-e3feaeff07a1-150x150.jpeg\" class=\"attachment-thumbnail size-thumbnail wp-post-image\" alt=\"\" \/><\/a> <a class=\"title\" href=\"https:\/\/brauchtumsverein-ndh.de\/?p=39404\">Er\u00f6ffnung der Backsaison 2025<\/a> <span class=\"excerpt-dash\">-<\/span> <span class=\"excerpt\">Am Samstag, den 03.05 wurde mit Teilnehmer des Sauerteigseminars im mobilen Holzfeuerofen am Vereinsheim gebacken. Ob Baquette, Rosinenbrot oder Sauerteigbrot, das Ergebnis l\u00e4sst sich sehen. Ab jetzt soll wieder jeden 1. Samstag im Monat gebacken werden. Der Termin wird immer <a class=\"more-link\" href=\"https:\/\/brauchtumsverein-ndh.de\/?p=39404\">weiterlesen...<\/a><\/span><\/div><div class=\"listing-item\"><a class=\"image\" href=\"https:\/\/brauchtumsverein-ndh.de\/?p=39281\"><img loading=\"lazy\" decoding=\"async\" width=\"150\" height=\"150\" src=\"https:\/\/brauchtumsverein-ndh.de\/wp-content\/uploads\/2025\/01\/2025-01-IMG_20250125_142700702_HDR-3-150x150.jpeg\" class=\"attachment-thumbnail size-thumbnail wp-post-image\" alt=\"\" \/><\/a> <a class=\"title\" href=\"https:\/\/brauchtumsverein-ndh.de\/?p=39281\">Teigseminar 3.0<\/a> <span class=\"excerpt-dash\">-<\/span> <span class=\"excerpt\">Sauerteigseminar beim Brauchtumsverein Niederh\u00f6chstadt Am 25.01.2025 veranstaltete der BV Niederh\u00f6chstadtzum dritten Mal in der K\u00fcche des B\u00fcrgerzentrums Niederh\u00f6chstadt ein Sauerteigseminar. Unter Leitung von Elisabeth Averdam, unterst\u00fctzt von Gerhard Wachinger und Sandra Reinhardt, hatten 7 Frauen und 1 Mann Gelegenheit, die <a class=\"more-link\" href=\"https:\/\/brauchtumsverein-ndh.de\/?p=39281\">weiterlesen...<\/a><\/span><\/div><div class=\"listing-item\"><a class=\"image\" href=\"https:\/\/brauchtumsverein-ndh.de\/?p=39028\"><img loading=\"lazy\" decoding=\"async\" width=\"150\" height=\"150\" src=\"https:\/\/brauchtumsverein-ndh.de\/wp-content\/uploads\/2023\/10\/IMG_8251-150x150.jpeg\" class=\"attachment-thumbnail size-thumbnail wp-post-image\" alt=\"\" \/><\/a> <a class=\"title\" href=\"https:\/\/brauchtumsverein-ndh.de\/?p=39028\">Keine Bestellung mehr m\u00f6glich! Sauerteigbrot im Verkauf<\/a> <span class=\"excerpt-dash\">-<\/span> <span class=\"excerpt\">Am&nbsp;Samstag, den 04. Mai 2024&nbsp;findet neben demmonatlichen \u00f6ffentlichen Brotbacken&nbsp;mit eigenen Brotteigen, in Kooperation mit Andy\u00b4s Backstube,&nbsp;der Verkauf von \u201edoppelt ausgebackenem\u201c Sauerteig, statt. Der Laib von 750 g wird f\u00fcr 4,50 \u20ac angeboten.&nbsp; Die Kruste im mit Holzfeuer geheizten gusseisernen Ofen <a class=\"more-link\" href=\"https:\/\/brauchtumsverein-ndh.de\/?p=39028\">weiterlesen...<\/a><\/span><\/div><div class=\"listing-item\"><a class=\"image\" href=\"https:\/\/brauchtumsverein-ndh.de\/?p=38781\"><img loading=\"lazy\" decoding=\"async\" width=\"150\" height=\"150\" src=\"https:\/\/brauchtumsverein-ndh.de\/wp-content\/uploads\/2022\/08\/3CB2882D-3095-4332-A43F-9917B5D3460E-150x150.jpeg\" class=\"attachment-thumbnail size-thumbnail wp-post-image\" alt=\"\" \/><\/a> <a class=\"title\" href=\"https:\/\/brauchtumsverein-ndh.de\/?p=38781\">Vielfalt beim Backen<\/a> <span class=\"excerpt-dash\">-<\/span> <span class=\"excerpt\">Am Backtag den 6. Mai wurden verschiedenste Teige f\u00fcr Brot sowie Br\u00f6tchen ausprobiert. 5 B\u00e4cker und B\u00e4ckerinnen haben ihre Teige mitgebracht. Die anschliessende Verkostung hat dazu viel Freude bereitet.<\/span><\/div><div class=\"listing-item\"><a class=\"image\" href=\"https:\/\/brauchtumsverein-ndh.de\/?p=38461\"><img loading=\"lazy\" decoding=\"async\" width=\"150\" height=\"150\" src=\"https:\/\/brauchtumsverein-ndh.de\/wp-content\/uploads\/2022\/06\/1A8629CE-EA7D-42B9-BC36-7FD705D42D86-150x150.jpeg\" class=\"attachment-thumbnail size-thumbnail wp-post-image\" alt=\"\" \/><\/a> <a class=\"title\" href=\"https:\/\/brauchtumsverein-ndh.de\/?p=38461\">Erstes \u00f6ffentliches Brot backen nach langer Coronapause<\/a> <span class=\"excerpt-dash\">-<\/span> <span class=\"excerpt\">Am 02.07.2022 wurden wieder vor dem Vereinsheim gemeinsam Brotteige im mobilen Brotbackofen ausgebacken. Noch war die Beteiligung niedriger als vor der Pandemiepause, nur 6 Teige waren angemeldet. Die die dabei waren, hatten viel Freude und ein super Backergebnis. Das Holzfeuer <a class=\"more-link\" href=\"https:\/\/brauchtumsverein-ndh.de\/?p=38461\">weiterlesen...<\/a><\/span><\/div><div class=\"listing-item\"><a class=\"image\" href=\"https:\/\/brauchtumsverein-ndh.de\/?p=38309\"><img loading=\"lazy\" decoding=\"async\" width=\"150\" height=\"150\" src=\"https:\/\/brauchtumsverein-ndh.de\/wp-content\/uploads\/2022\/03\/424BB692-083E-427D-B9ED-767FDBB72DB0-150x150.jpeg\" class=\"attachment-thumbnail size-thumbnail wp-post-image\" alt=\"\" \/><\/a> <a class=\"title\" href=\"https:\/\/brauchtumsverein-ndh.de\/?p=38309\">Lockerungen machen Neustart m\u00f6glich<\/a> <span class=\"excerpt-dash\">-<\/span> <span class=\"excerpt\">Am Freitag, den 11. M\u00e4rz wurde aufgrund der tollen Wetteraussichten ganz kurzfristig der Brotbackofen angeheizt. Es waren nur wenige Mitglieder anwesend, die unter freiem Himmel die 4 Roggenmischbrote, eins davon mit K\u00fcmmel ausbuken. Auch Brotfladen mit Salz und Thymian wurde <a class=\"more-link\" href=\"https:\/\/brauchtumsverein-ndh.de\/?p=38309\">weiterlesen...<\/a><\/span><\/div><div class=\"listing-item\"><a class=\"image\" href=\"https:\/\/brauchtumsverein-ndh.de\/?p=30993\"><img loading=\"lazy\" decoding=\"async\" width=\"150\" height=\"150\" src=\"https:\/\/brauchtumsverein-ndh.de\/wp-content\/uploads\/2020\/10\/556CB208-48FD-440C-A2C0-D342152E56C0-150x150.jpeg\" class=\"attachment-thumbnail size-thumbnail wp-post-image\" alt=\"\" \/><\/a> <a class=\"title\" href=\"https:\/\/brauchtumsverein-ndh.de\/?p=30993\">Sauerteig<\/a> <span class=\"excerpt-dash\">-<\/span> <span class=\"excerpt\">Sauerteig. Wo kommt er her? Was macht er mit dem Brot? Hier ein paar Antworten. Bei der Erfindung des Sauerteigs soll der Zufall eine gro\u00dfe Rolle gespielt haben. Eine Erkl\u00e4rung lautet: Eine Sklavin im alten \u00c4gypten hatte etwas Getreidebrei vergessen <a class=\"more-link\" href=\"https:\/\/brauchtumsverein-ndh.de\/?p=30993\">weiterlesen...<\/a><\/span><\/div><div class=\"listing-item\"><a class=\"image\" href=\"https:\/\/brauchtumsverein-ndh.de\/?p=622\"><img loading=\"lazy\" decoding=\"async\" width=\"150\" height=\"150\" src=\"https:\/\/brauchtumsverein-ndh.de\/wp-content\/uploads\/2019\/02\/Ladwesch-2-150x150.jpg\" class=\"attachment-thumbnail size-thumbnail wp-post-image\" alt=\"\" \/><\/a> <a class=\"title\" href=\"https:\/\/brauchtumsverein-ndh.de\/?p=622\">Brot backen und Latwerch kochen am neuen Vereinshaus gut besucht<\/a> <span class=\"excerpt-dash\">-<\/span> <span class=\"excerpt\">Am Samstag, den 02. Febuar 2019 wurden 12 angemeldete Brotteige von Mitgliedern und Interessierten von 12:00 bis 15.00 Uhr in die Hauptstr. 295 &nbsp;(bei der Verwaltungsstelle Niederh\u00f6chstadt) gebacken. Erstmal wurden auch Bauernfladen&nbsp; gebacken und sogar Haxen geschmort. Es durfte also <a class=\"more-link\" href=\"https:\/\/brauchtumsverein-ndh.de\/?p=622\">weiterlesen...<\/a><\/span><\/div><\/div>\n","protected":false},"excerpt":{"rendered":"<p>Wie Brotteig selber gemacht wird, kann man zwei Mal im Jahr, auf einem Brotseminar lernen. Das n\u00e4chste Mal am 25.01.2025 Die selbst hergestellten Teige k\u00f6nnen dann jeden 1. Samstag im Monat in den vereinseigenen Back\u00f6fen, gebacken werden. Zeiten etc. unter <a class=\"more-link\" href=\"https:\/\/brauchtumsverein-ndh.de\/?p=622\">weiterlesen&#8230;<\/a><\/p>\n","protected":false},"author":10,"featured_media":0,"parent":13067,"menu_order":1,"comment_status":"closed","ping_status":"closed","template":"","meta":{"footnotes":""},"class_list":["post-160","page","type-page","status-publish","hentry"],"_links":{"self":[{"href":"https:\/\/brauchtumsverein-ndh.de\/index.php?rest_route=\/wp\/v2\/pages\/160","targetHints":{"allow":["GET"]}}],"collection":[{"href":"https:\/\/brauchtumsverein-ndh.de\/index.php?rest_route=\/wp\/v2\/pages"}],"about":[{"href":"https:\/\/brauchtumsverein-ndh.de\/index.php?rest_route=\/wp\/v2\/types\/page"}],"author":[{"embeddable":true,"href":"https:\/\/brauchtumsverein-ndh.de\/index.php?rest_route=\/wp\/v2\/users\/10"}],"replies":[{"embeddable":true,"href":"https:\/\/brauchtumsverein-ndh.de\/index.php?rest_route=%2Fwp%2Fv2%2Fcomments&post=160"}],"version-history":[{"count":14,"href":"https:\/\/brauchtumsverein-ndh.de\/index.php?rest_route=\/wp\/v2\/pages\/160\/revisions"}],"predecessor-version":[{"id":39241,"href":"https:\/\/brauchtumsverein-ndh.de\/index.php?rest_route=\/wp\/v2\/pages\/160\/revisions\/39241"}],"up":[{"embeddable":true,"href":"https:\/\/brauchtumsverein-ndh.de\/index.php?rest_route=\/wp\/v2\/pages\/13067"}],"wp:attachment":[{"href":"https:\/\/brauchtumsverein-ndh.de\/index.php?rest_route=%2Fwp%2Fv2%2Fmedia&parent=160"}],"curies":[{"name":"wp","href":"https:\/\/api.w.org\/{rel}","templated":true}]}}