{"id":706,"date":"2019-02-04T19:36:23","date_gmt":"2019-02-04T18:36:23","guid":{"rendered":"http:\/\/brauchtumsverein-ndh.de\/?page_id=706"},"modified":"2019-05-24T11:44:45","modified_gmt":"2019-05-24T09:44:45","slug":"bluehstreifen-saehen","status":"publish","type":"page","link":"https:\/\/brauchtumsverein-ndh.de\/?page_id=706","title":{"rendered":"Bl\u00fchstreifen s\u00e4hen"},"content":{"rendered":"\n<p>Immer mehr Vereine, St\u00e4dte und Organisationen tun etwas gegen das sogenannte \u201eInsektensterben\u201c. So auch der Brauchtumsverein Niederh\u00f6chstadt, der 2018 erstmals eine Bl\u00fchwiese am Verbundsteinweg D\u00f6rnweg\/Richtung Steinbach angelegt hat. Diese Arbeit wurde nun 2019 fortgesetzt.<\/p>\n\n\n\n<ul class=\"wp-block-gallery columns-3 is-cropped wp-block-gallery-1 is-layout-flex wp-block-gallery-is-layout-flex\"><li class=\"blocks-gallery-item\"><figure><img loading=\"lazy\" decoding=\"async\" width=\"576\" height=\"1024\" src=\"http:\/\/brauchtumsverein-ndh.de\/wp-content\/uploads\/2019\/05\/Bl\u00fchwiese-2019-e1557840671247-576x1024.jpg\" alt=\"\" data-id=\"1182\" data-link=\"http:\/\/brauchtumsverein-ndh.de\/?attachment_id=1182#main\" class=\"wp-image-1182\" srcset=\"https:\/\/brauchtumsverein-ndh.de\/wp-content\/uploads\/2019\/05\/Bl\u00fchwiese-2019-e1557840671247-576x1024.jpg 576w, https:\/\/brauchtumsverein-ndh.de\/wp-content\/uploads\/2019\/05\/Bl\u00fchwiese-2019-e1557840671247-169x300.jpg 169w, https:\/\/brauchtumsverein-ndh.de\/wp-content\/uploads\/2019\/05\/Bl\u00fchwiese-2019-e1557840671247-768x1365.jpg 768w\" sizes=\"auto, (max-width: 576px) 100vw, 576px\" \/><figcaption>Aus\u00e4en der Bl\u00fchwiese 2019<\/figcaption><\/figure><\/li><li class=\"blocks-gallery-item\"><figure><img loading=\"lazy\" decoding=\"async\" width=\"576\" height=\"1024\" src=\"http:\/\/brauchtumsverein-ndh.de\/wp-content\/uploads\/2019\/05\/2019a-Bl\u00fchwiese-2-576x1024.jpg\" alt=\"\" data-id=\"1238\" data-link=\"http:\/\/brauchtumsverein-ndh.de\/?attachment_id=1238\" class=\"wp-image-1238\" srcset=\"https:\/\/brauchtumsverein-ndh.de\/wp-content\/uploads\/2019\/05\/2019a-Bl\u00fchwiese-2-576x1024.jpg 576w, https:\/\/brauchtumsverein-ndh.de\/wp-content\/uploads\/2019\/05\/2019a-Bl\u00fchwiese-2-169x300.jpg 169w, https:\/\/brauchtumsverein-ndh.de\/wp-content\/uploads\/2019\/05\/2019a-Bl\u00fchwiese-2-768x1365.jpg 768w\" sizes=\"auto, (max-width: 576px) 100vw, 576px\" \/><figcaption>Hinweisschild<\/figcaption><\/figure><\/li><li class=\"blocks-gallery-item\"><figure><img loading=\"lazy\" decoding=\"async\" width=\"1024\" height=\"576\" src=\"http:\/\/brauchtumsverein-ndh.de\/wp-content\/uploads\/2019\/05\/2019a-Bl\u00fchwiese-1-1-1024x576.jpg\" alt=\"\" data-id=\"1237\" data-link=\"http:\/\/brauchtumsverein-ndh.de\/?attachment_id=1237\" class=\"wp-image-1237\" srcset=\"https:\/\/brauchtumsverein-ndh.de\/wp-content\/uploads\/2019\/05\/2019a-Bl\u00fchwiese-1-1-1024x576.jpg 1024w, https:\/\/brauchtumsverein-ndh.de\/wp-content\/uploads\/2019\/05\/2019a-Bl\u00fchwiese-1-1-300x169.jpg 300w, https:\/\/brauchtumsverein-ndh.de\/wp-content\/uploads\/2019\/05\/2019a-Bl\u00fchwiese-1-1-768x432.jpg 768w, https:\/\/brauchtumsverein-ndh.de\/wp-content\/uploads\/2019\/05\/2019a-Bl\u00fchwiese-1-1-780x439.jpg 780w, https:\/\/brauchtumsverein-ndh.de\/wp-content\/uploads\/2019\/05\/2019a-Bl\u00fchwiese-1-1-800x450.jpg 800w, https:\/\/brauchtumsverein-ndh.de\/wp-content\/uploads\/2019\/05\/2019a-Bl\u00fchwiese-1-1-400x225.jpg 400w\" sizes=\"auto, (max-width: 1024px) 100vw, 1024px\" \/><figcaption>Information<\/figcaption><\/figure><\/li><\/ul>\n\n\n\n<p>Ziel ist es den Lebensraum f\u00fcr Insekten zu vermehren und deren Vielfalt zu f\u00f6rdern. Denn es gibt 1500 heimische Natur- und Wildpflanzen auf die ganz bestimmte Insekten angepasst sind. Manchmal kann ein Insekt nur mit einer ganz bestimmten Pflanze \u00fcberleben, da z.B. ihr R\u00fcssel nur dort hinen passt. Diese Pflanzen sind aber in den typsich deutschen Vorg\u00e4rten nicht mehr zu finden. Forsythien oder Kirchlorbeer sind z.B. f\u00fcr kein einzigstes Insekt Nahrungsgeber. F\u00fcr Insekten, die auf Nektar und Pollen angewiesen sind, wird mittlerweile viel getan. Viele anderen aber sterben nach und nach aus. Dem wollen wir entgegen wirken.<\/p>\n\n\n\n<p>Starke Schwankungen der Population sind bei Insekten generell normal, trotzdem ist im langfristigem Vergleich \u00fcber Jahre bei vielen Arten eine bedenkliche negative Entwicklung zu erkennen. W\u00e4hrend der letzten 27 Jahre beispielsweise ist im Westen Deutschlands die Menge an Fluginsekten im Mittel um 76 % eingebrochen.<\/p>\n\n\n\n<p>Aber auch jede und jeder Einzelne hat zahlreiche M\u00f6glichkeiten es gleich zu tun und Insekten zu f\u00f6rdern. <strong>Gartenbesitzer<\/strong> sollten auf Pestizide verzichten und auf eine vielf\u00e4ltige Pflanzenwelt achten mit einem reichhaltigen Angebot von Bl\u00fcten wie auch offenen Bodenstellen. Diese sind als Nistpl\u00e4tze f\u00fcr bestimmte Wildbienen lebensnotwendig. Rasenfl\u00e4chen sollten in G\u00e4nze oder wenigstens in Teilbereichen m\u00f6glichst selten gem\u00e4ht werden, damit sich Wiesen entwickeln. Sie bieten jederzeit ein Bl\u00fctenangebot f\u00fcr Falter, Bienen und Schwebfliegen sowie Nahrung f\u00fcr die Larven zahlreicher Insekten. Auch <strong>Balkonbesitzer <\/strong>k\u00f6nnen ihren Beitrag durch die Auswahl verschiedenartiger regionaler Bl\u00fctenpflanzen leisten. Auf konventionelle Blumen wie Geranien, Primeln und Co. sollte verzichtet werden zu Gunsten von Wildblumen wie Akelei, Glockenblume oder Storchschnabel, die f\u00fcr mehr Insekten Nahrung liefern als fremdl\u00e4ndische Pflanzen. <\/p>\n\n\n\n<p><\/p>\n\n\n\n<p>Leider gibt es die Natur- und Wildpflanzen in den \u00fcblichen G\u00e4rtnereien und Gro\u00dfm\u00e4rkten nicht zu kaufen. Auch Samenmischungen helfen nicht wirklich weiter. Wer hier f\u00fcndig werden will muss isch an die Spezialg\u00e4rtnerei Strickler in Alzey wenden und sich dort Staudenpakete holen oder schikcen lassen. Die Pflanzen wachsen \u00fcbrigens auf kargen B\u00f6den am besten und brauchen keien Pflege.<\/p>\n\n\n\n<figure class=\"wp-block-image\"><img loading=\"lazy\" decoding=\"async\" width=\"429\" height=\"618\" src=\"https:\/\/brauchtumsverein-ndh.de\/wp-content\/uploads\/2019\/02\/grafik-3.png\" alt=\"\" class=\"wp-image-734\" srcset=\"https:\/\/brauchtumsverein-ndh.de\/wp-content\/uploads\/2019\/02\/grafik-3.png 429w, https:\/\/brauchtumsverein-ndh.de\/wp-content\/uploads\/2019\/02\/grafik-3-208x300.png 208w\" sizes=\"auto, (max-width: 429px) 100vw, 429px\" \/><\/figure>\n\n\n\n<p> <\/p>\n","protected":false},"excerpt":{"rendered":"<p>Immer mehr Vereine, St\u00e4dte und Organisationen tun etwas gegen das sogenannte \u201eInsektensterben\u201c. So auch der Brauchtumsverein Niederh\u00f6chstadt, der 2018 erstmals eine Bl\u00fchwiese am Verbundsteinweg D\u00f6rnweg\/Richtung Steinbach angelegt hat. Diese Arbeit wurde nun 2019 fortgesetzt. Ziel ist es den Lebensraum f\u00fcr <a class=\"more-link\" href=\"https:\/\/brauchtumsverein-ndh.de\/?page_id=706\">weiterlesen&#8230;<\/a><\/p>\n","protected":false},"author":10,"featured_media":0,"parent":48,"menu_order":1,"comment_status":"closed","ping_status":"closed","template":"","meta":{"footnotes":""},"class_list":["post-706","page","type-page","status-publish","hentry"],"_links":{"self":[{"href":"https:\/\/brauchtumsverein-ndh.de\/index.php?rest_route=\/wp\/v2\/pages\/706","targetHints":{"allow":["GET"]}}],"collection":[{"href":"https:\/\/brauchtumsverein-ndh.de\/index.php?rest_route=\/wp\/v2\/pages"}],"about":[{"href":"https:\/\/brauchtumsverein-ndh.de\/index.php?rest_route=\/wp\/v2\/types\/page"}],"author":[{"embeddable":true,"href":"https:\/\/brauchtumsverein-ndh.de\/index.php?rest_route=\/wp\/v2\/users\/10"}],"replies":[{"embeddable":true,"href":"https:\/\/brauchtumsverein-ndh.de\/index.php?rest_route=%2Fwp%2Fv2%2Fcomments&post=706"}],"version-history":[{"count":5,"href":"https:\/\/brauchtumsverein-ndh.de\/index.php?rest_route=\/wp\/v2\/pages\/706\/revisions"}],"predecessor-version":[{"id":1240,"href":"https:\/\/brauchtumsverein-ndh.de\/index.php?rest_route=\/wp\/v2\/pages\/706\/revisions\/1240"}],"up":[{"embeddable":true,"href":"https:\/\/brauchtumsverein-ndh.de\/index.php?rest_route=\/wp\/v2\/pages\/48"}],"wp:attachment":[{"href":"https:\/\/brauchtumsverein-ndh.de\/index.php?rest_route=%2Fwp%2Fv2%2Fmedia&parent=706"}],"curies":[{"name":"wp","href":"https:\/\/api.w.org\/{rel}","templated":true}]}}